r of 238 and 28?
14
What is the greatest common divisor of 11 and 3?
1
Calculate the greatest common factor of 45 and 288.
9
Calculate the greatest common factor of 76 and 418.
38
Calculate the greatest common divisor of 80 and 216.
8
What is the greatest common divisor of 82091 and 103?
103
What is the greatest common divisor of 152 and 9500?
76
Calculate the greatest common divisor of 40 and 270.
10
Calculate the highest common divisor of 13 and 1807.
13
Calculate the highest common factor of 954 and 846.
18
What is the greatest common factor of 11688 and 24?
24
What is the greatest common factor of 48 and 252?
12
Calculate the greatest common factor of 81 and 3159.
81
What is the greatest common divisor of 347 and 8328?
347
What is the highest common divisor of 20 and 836?
4
Calculate the greatest common divisor of 623 and 178.
89
Calculate the greatest common divisor of 60 and 1305.
15
What is the greatest common divisor of 270 and 162?
54
What is the highest common factor of 52 and 468?
52
Calculate the greatest common factor of 255 and 102.
51
Calculate the highest common divisor of 79 and 2133.
79
What is the greatest common factor of 864 and 27?
27
What is the greatest common factor of 1325 and 725?
25
Calculate the greatest common divisor of 70 and 805.
35
What is the greatest common divisor of 37 and 703?
37
What is the highest common divisor of 633 and 3?
3
Calculate the greatest common factor of 1001 and 77.
77
What is the greatest common factor of 18 and 4866?
6
What is the greatest common factor of 16898 and 119?
119
What is the greatest common divisor of 4 and 376?
4
Calculate the highest common divisor of 1953 and 126.
63
Calculate the greatest common factor of 3 and 258.
3
Calculate the greatest common factor of 1529 and 176.
11
What is the greatest common factor of 275 and 50?
25
Calculate the highest common factor of 129 and 54.
3
What is the highest common factor of 100 and 7060?
20
What is the highest common divisor of 6327 and 74?
37
Calculate the highest common divisor of 78 and 597.
3
Calculate the greatest common factor of 600 and 10600.
200
Calculate the greatest common divisor of 78 and 282.
6
Calculate the greatest common divisor of 20566 and 14.
14
Calculate the highest common divisor of 93 and 3.
3
What is the highest common factor of 1285 and 8224?
257
Calculate the greatest common divisor of 2 and 59.
1
Calculate the greatest common factor of 783 and 5076.
27
What is the highest common factor of 418 and 22?
22
What is the greatest common divisor of 16056 and 12?
12
What is the greatest common factor of 620 and 12?
4
Calculate the highest common divisor of 2827 and 33.
11
Calculate the highest common factor of 31 and 4061.
31
What is the highest common divisor of 2700 and 84?
12
What is the greatest common divisor of 20 and 85?
5
What is the greatest common factor of 37 and 296?
37
Calculate the highest common factor of 10 and 235.
5
Calculate the highest common divisor of 484 and 88.
44
Calculate the greatest common factor of 112 and 7.
7
Calculate the highest common factor of 207 and 27.
9
What is the highest common divisor of 594 and 154?
22
Calculate the greatest common divisor of 748 and 11.
11
What is the greatest common divisor of 52 and 975?
13
What is the highest common divisor of 100 and 150?
50
What is the greatest common divisor of 357 and 252?
21
Calculate the greatest common divisor of 520 and 468.
52
What is the highest common divisor of 46 and 1426?
46
What is the greatest common factor of 35230 and 130?
130
Calculate the greatest common divisor of 34 and 153.
17
Calculate the greatest common divisor of 2 and 366.
2
What is the greatest common divisor of 42 and 966?
42
What is the greatest common divisor of 1377 and 17?
17
What is the highest common factor of 665 and 5?
5
What is the greatest common divisor of 864 and 1248?
96
Calculate the highest common factor of 30 and 405.
15
What is the greatest common factor of 55 and 165?
55
Calculate the highest common factor of 39 and 2769.
39
Calculate the highest common factor of 8 and 880.
8
What is the greatest common factor of 352 and 416?
32
Calculate the highest common divisor of 99 and 8811.
99
Calculate the greatest common divisor of 44 and 20.
4
What is the greatest common factor of 1122 and 2346?
102
Calculate the greatest common divisor of 58 and 78.
2
Calculate the greatest common divisor of 5022 and 248.
62
Calculate the highest common factor of 28 and 602.
14
What is the greatest common factor of 400 and 9650?
50
What is the greatest common factor of 266 and 608?
38
What is the highest common divisor of 3 and 1977?
3
What is the greatest common divisor of 9 and 2817?
9
Calculate the greatest common divisor of 20 and 670.
10
What is the highest common factor of 39 and 2067?
39
Calculate the greatest common factor of 264 and 18568.
88
What is the highest common factor of 442 and 34?
34
Calculate the greatest common divisor of 1022 and 70.
14
Calculate the greatest common factor of 1152 and 36.
36
What is the greatest common divisor of 6980 and 40?
20
Calculate the highest common factor of 59 and 472.
59
What is the highest common factor of 936 and 1440?
72
Calculate the greatest common factor of 412 and 28.
4
What is the greatest common divisor of 224 and 28?
28
Calculate the highest common factor of 3123 and 63.
9
Calculate the greatest common factor of 1980 and 121.
11
What is the greatest common factor of 72 and 11352?
24
What is the highest common factor of 44 and 11?
11
Calculate the highest common divisor of 22 and 231.
11
Calculate the greatest common divisor of 3982 and 132.
22
Calculate the highest common factor of 608 and 38.
38
What is the highest common divisor of 663 and 85?
17
What is the highest common divisor of 10 and 530?
10
What is the highest common factor of 1337 and 7?
7
What is the highest common factor of 798 and 84?
42
Calculate the greatest common factor of 3629 and 57.
19
Calculate the highest common divisor of 2855 and 15.
5
Calculate the greatest common factor of 54 and 288.
18
Calculate the highest common divisor of 9150 and 250.
50
Calculate the highest common factor of 330 and 30.
30
Calculate the highest common factor of 12400 and 16.
16
Calculate the greatest common divisor of 8366 and 94.
94
What is the greatest common factor of 17 and 68?
17
What is the greatest common divisor of 7 and 14413?
7
What is the highest common divisor of 570 and 600?
30
What is the highest common factor of 91 and 1365?
91
Calculate the greatest common factor of 339 and 24.
3
Calculate the greatest common divisor of 56 and 2996.
28
Calculate the highest common factor of 87 and 6.
3
Calculate the greatest common factor of 485 and 1552.
97
Calculate the highest common divisor of 11 and 11.
11
What is the highest common factor of 65 and 52?
13
Calculate the greatest common factor of 440 and 275.
55
Calculate the highest common factor of 92 and 80.
4
Calculate the highest common divisor of 192 and 654.
6
What is the highest common divisor of 7030 and 666?
74
What is the greatest common factor of 95 and 2565?
95
What is the greatest common divisor of 209 and 176?
11
What is the highest common factor of 260 and 140?
20
What is the highest common factor of 1383 and 6?
3
Calculate the highest common divisor of 42 and 126.
42
Calculate the greatest common divisor of 7296 and 256.
128
What is the highest common divisor of 18 and 2169?
9
What is the highest common divisor of 36 and 1692?
36
What is the highest common factor of 79 and 316?
79
Calculate the highest common factor of 66 and 25058.
22
What is the highest common factor of 3939 and 78?
39
What is the highest common divisor of 4 and 292?
4
Calculate the highest common factor of 93 and 48.
3
Calculate the greatest common divisor of 255 and 51.
51
Calculate the highest common divisor of 40 and 520.
40
What is the greatest common factor of 1020 and 930?
30
What is the greatest common divisor of 360 and 96?
24
Calculate the greatest common factor of 341 and 248.
31
What is the greatest common divisor of 350 and 87850?
350
Calculate the highest common factor of 6732 and 544.
68
What is the greatest common divisor of 16 and 44?
4
Calculate the greatest common factor of 124 and 93.
31